of o?
19
Let z be -2 + 1 + 1 + 1. What are the prime factors of (33/(-9))/(z/(-3))?
11
Let v(k) = 3*k + 53*k + 5*k. Let d be v(2). List the prime factors of (-2)/10 - d/(-10).
2, 3
Suppose -4*j + 21 = 5*l, l + j - 2 = 2. Let x = l - 3. Suppose x*b + 3*y - 7 = -0*b, -38 = -3*b + y. List the prime factors of b.
11
Let p be 5/(-2) - (-1)/(-2). Let o = p - -8. What are the prime factors of o?
5
Suppose 18 = -5*a - 12. Let k(b) = b**2 + 8*b + 7. Let r be k(a). Let t(o) = o**3 + 5*o**2 + 5. List the prime factors of t(r).
5
Let l be 2/(-7) - (-618)/(-42). Let i be (-219)/l - (-2)/5. Suppose -i - 21 = -4*k. List the prime factors of k.
3
Suppose -2*g = -4*v - 248, -5*g + 585 = 2*v - 5*v. List the prime factors of g.
2, 3, 19
Suppose 5*q - 1053 - 962 = 0. List the prime factors of q.
13, 31
What are the prime factors of (-120)/(-14)*105/6?
2, 3, 5
Suppose 0*l + 3*l = 525. Suppose 2*y - 7*y + l = 0. List the prime factors of y.
5, 7
Let x = 0 + -17. Let l = 25 + x. What are the prime factors of l?
2
Suppose -4*i = -5*i + 4*a + 31, 0 = -5*i + 5*a + 200. What are the prime factors of i?
43
Let y = 8 + -3. Let l = y + -2. What are the prime factors of l?
3
Suppose -4*v + 157 + 207 = 3*y, -3*y - v + 352 = 0. List the prime factors of y.
2, 29
Let n(o) = o - 2. Let k be n(4). Let z(g) = 5 - g - k + 0. What are the prime factors of z(0)?
3
Suppose 735 = 8*y + 79. List the prime factors of y.
2, 41
Suppose 2*h + 7 = 3*s + 3, -2*s - 3*h = 6. Let n = s + 8. What are the prime factors of n?
2
Suppose a = 4*a - 159. List the prime factors of a.
53
Suppose r + 2*r = 4*g - 240, 0 = -5*g + 3*r + 300. What are the prime factors of g?
2, 3, 5
Suppose -n + 2 + 3 = 0. Suppose -3*h + 30 = n*z, -3*z + 12 = -0*z + 3*h. List the prime factors of z.
3
Suppose -4*l = n - 13, 4 = -3*l + 7. Suppose 5*z + x = 68, -n = -z - x + 3. List the prime factors of z.
2, 7
Let f(p) = -p**3 + 3*p**2 - 4*p. List the prime factors of f(-3).
2, 3, 11
List the prime factors of (-18)/6 - (2 - 41).
2, 3
Let c(q) = -2*q**3 - 8*q**2 - 5*q - 3. List the prime factors of c(-6).
3, 19
Let d(y) = 14*y + 84. List the prime factors of d(0).
2, 3, 7
Let r(j) = j**2 - 18*j + 5. Suppose w = -b + 23, 2*w + 3*b = 17 + 33. List the prime factors of r(w).
2, 3
Let w(f) = -2*f + 24. Let k be w(0). Suppose v - k = -2. List the prime factors of v.
2, 11
Let p(g) = -4*g - 6. Suppose 5*w = -13 - 17. Let x be 4 + -3 + (w - -1). List the prime factors of p(x).
2, 5
Let s = 6 + -8. List the prime factors of (-30)/s + (-3)/3.
2, 7
Let a = -62 + 174. What are the prime factors of a?
2, 7
Suppose -7*q = -2*q - 10. Suppose 3*d = 5*d - 2*o - 30, -d = q*o - 6. List the prime factors of d.
2, 3
Suppose -5*o - o + 24 = 0. List the prime factors of o.
2
Let j be (-117)/(-5) + (-10)/25. Suppose 3*u - 4 = j. Let q = u + -4. List the prime factors of q.
5
Let k(l) = 2*l - 3. Let c be k(4). Suppose x - 117 = -c*t, -4*t - 3*x + 121 = t. Suppose -1 = d - 4*r - 23, 0 = -2*d + r + t. What are the prime factors of d?
2, 5
Suppose -13 = b - 103. Let n = -49 + b. List the prime factors of n.
41
Let h(k) = 2*k**2 - 3*k + 1. Let n(m) = -m - 2*m**2 - 3*m**2 + m**2 + 3*m**2 + 5*m**3 + 1. Let a be n(1). List the prime factors of h(a).
3, 7
Let z(s) = s - 4. Let v be z(6). Suppose 4*q - v*o + 25 = 3*o, 5*o - 25 = -4*q. Suppose q*p = p - 18. List the prime factors of p.
2, 3
Let o be (60/(-9))/(1/(-3)). Suppose -2*j = -4*j + o. List the prime factors of j.
2, 5
Suppose -3*f + 2*s = 23, -f + 2*s + 11 = 6*s. What are the prime factors of (f - -18) + (-3)/1?
2, 5
Let h = 23 - 11. Let n be 1 + (-1 - -2 - 2). Suppose n*r - h = -3*r. List the prime factors of r.
2
Suppose -200 = -12*w + 7*w. What are the prime factors of w?
2, 5
Let o be -6*((2 - 4) + 3). Let v(l) be the second derivative of l**5/20 + l**4/2 - l**3/2 - 3*l**2 + 5*l. List the prime factors of v(o).
2, 3
Let o(m) = m**2 - m + 10. What are the prime factors of o(-5)?
2, 5
Suppose -6*n = -n - 240. List the prime factors of n.
2, 3
What are the prime factors of (2 - -13 - -5)/2?
2, 5
Let f = 21 + -6. Suppose -11*c + f*c = 52. List the prime factors of c.
13
Suppose -4*o + 1076 = 248. What are the prime factors of o?
3, 23
Let y(p) = p**3 - 9*p**2 - 6*p - 5. Let x(o) = o**3 - 10*o**2 - 6*o - 5. Let c(g) = 5*x(g) - 6*y(g). What are the prime factors of c(5)?
2, 5
Suppose 0 = 6*b - 2*b - 892. List the prime factors of b.
223
What are the prime factors of 3 - (100/2)/(-2)?
2, 7
Let g(x) = -1. Let f(h) = 3. Let a(k) = -4*f(k) - 11*g(k). Let w(p) = 5*p - 4. Let n(z) = 2*a(z) + w(z). What are the prime factors of n(4)?
2, 7
Let a(k) = k**2 - 5*k - 2. Suppose 21 = 2*j - 5*u, -2*j + u + 5 = -4. Let n be a(j). What are the prime factors of 1 + -3 - n/1?
2, 3
Suppose 4*m + 11 = -w - 2*w, 5*w = 4*m + 35. Let o = 5 + m. Suppose o = 5*f + 4 - 24. List the prime factors of f.
2
Let b(u) = -3 + 3*u**2 + 2 + 3*u + 3. Let n be b(-2). Suppose 3*a + a - n = 0. List the prime factors of a.
2
Let d = 17 + 3. Let h = 12 + -19. Let j = d + h. What are the prime factors of j?
13
Suppose 85 = z - 6*z. Let r = z - -31. List the prime factors of r.
2, 7
Let l be (-21)/(-6)*-2 - 2. Let p = 1 - l. Suppose p = -2*w + 7*w. What are the prime factors of w?
2
Suppose -3*h + 4 + 20 = 0. Let o(j) = -j**2 + 16*j + 11. Let p be o(h). Suppose -b = 2*l - 19, -p = -3*b - l - 23. What are the prime factors of b?
17
List the prime factors of ((-1)/4*-38)/((-4)/(-8)).
19
Let v(h) be the second derivative of h**3/3 + 3*h. Let z be v(1). Suppose -z*k + 12 = -2. What are the prime factors of k?
7
Let k = 153 - 93. List the prime factors of k.
2, 3, 5
Let w = 62 + -36. Suppose 5*z + l = 71, -5*l = -3*z - w + 91. What are the prime factors of z?
3, 5
Let s(i) = 35*i + 2. Let y be s(2). Suppose -20*c + 17*c = -y. What are the prime factors of c?
2, 3
Let d = -3 - -6. Let u be 2/d - (-140)/(-12). Let c = u + 19. List the prime factors of c.
2
Let o(h) = 3 - 3*h + 0*h**2 + h**2 - 4 - 1. Let b be o(4). Suppose 5*f + 5*u = 30, -5*f - b*u + 5*u = -46. List the prime factors of f.
2
Suppose 5*y - 3*y - 6 = 0. Suppose -4*r = -4*u - y*r + 122, 28 = u + r. What are the prime factors of u?
2, 3, 5
Let t(w) = w**3 - 4*w**2 - 7*w - 8. Suppose -4 + 10 = z. What are the prime factors of t(z)?
2, 11
Let r = 766 - 486. What are the prime factors of r?
2, 5, 7
Let q(i) = -21*i + 2. Let v(a) = -2*a**2 - 3*a. Let m be v(-2). Let r be q(m). Suppose 4*o - 8*o = -r. List the prime factors of o.
11
Suppose -15 = -3*n, -3*u + 24 - 4 = n. Suppose -u*h + 46 = 4*i, h + 5*i = -0*h + 26. What are the prime factors of h?
2, 3
Suppose 0 = -2*i + 5*q + 22, i - 22 = -4*i - 4*q. Suppose -4*j = -n - 2, -5*j = -2*j - i. List the prime factors of n.
2, 3
Let y(q) = q + 1. Let x(p) = 4*p - 5. Let i(j) = -x(j) + 3*y(j). Let c be i(6). Suppose 4 = 2*z + 14, 3*z + 5 = -c*t. What are the prime factors of t?
5
Let t(a) = 5*a**2 + 20*a + 6. Let d(w) = w**2 + 4*w + 1. Let x(r) = 11*d(r) - 2*t(r). List the prime factors of x(-5).
2
Suppose 4*m + 0 = -l + 16, -2*l + 50 = 2*m. What are the prime factors of l?
2, 7
Suppose j - 135 = -2*j. What are the prime factors of -2*(-2 - j/6)?
19
Suppose i - a - 2*a = 55, -a = -5*i + 303. What are the prime factors of i?
61
What are the prime factors of 20 + -22 + 294/2?
5, 29
Let f(a) = -107*a**3 + 4*a**2 + 3*a + 2. What are the prime factors of f(-1)?
2, 5, 11
Suppose -1 = 3*r - 13. Suppose r*x = 7 + 53. List the prime factors of x.
3, 5
Let s = -105 - -156. What are the prime factors of s?
3, 17
Let r(c) = -c**3 - 5*c**2 + 5*c + 9. List the prime factors of r(-7).
2, 3
Let j(q) = -q + 11. Let f be j(11). Let m = 3 + f. Suppose 8 = m*a + 2. What are the prime factors of a?
2
Let o(u) = 3*u**3 - 8 - 2*u**3 + u + 8*u**2 + 4*u. Let x be 9*-1*1 - -2. List the prime factors of o(x).
2, 3
Let z be (-10)/(-15)*30/(-4). Let i(d) = d**3 + 5*d**2 - 2*d + 3. List the prime factors of i(z).
13
Let k(i) = 7*i + 0*i**3 - 5 - 5*i - i**3 + 5*i**2. List the prime factors of k(5).
5
Suppose -p - d + 0 + 1 = 0, 2*p - 18 = 2*d. Suppose -61 = p*q - 301. Let r = q - 27. List the prime factors of r.
3, 7
Suppose v = 2*v. Suppose 5*m = -v*d + 2*d + 11, -m - 1 = -2*d. List the prime factors of (-9 + m)/((-3)/2).
2
List the prime factors of (-3148)/(-24) + (-4)/24.